 -17.
9
What is the value of (-1 - -1) + (-11 + -26 - -47)?
10
84 - 116 - (-2 + 2 + -4 + 0)
-28
-2 - -8 - ((6 + -7 - 3) + 14)
-4
Calculate -8 + (-11 + 14 - -15).
10
What is (8 - (3 - -1 - 4)) + (-4 - -1)?
5
What is 595 + -615 + (17 - 0) - -18?
15
What is 169 + -174 - (-1 - (-1 - -2) - -4)?
-7
Calculate -7 + -1 + 4 + 19 + 0 + -6.
9
Calculate 7 + 2 + 9 + 5 + -14 + -4.
5
What is the value of 0 + 10 - (31 + -30)?
9
What is the value of 17 - (34 - 9) - (-14 - -2)?
4
What is the value of 22 + -20 + 13 + (1 - 3) - 9?
4
What is -1 + 2 + 13 + -15?
-1
Calculate -13 - -6 - -4 - 9 - -6.
-6
-4 - 2 - (1 + 1 + -5)
-3
Evaluate -17 + (-20 - -1 - -16).
-20
What is 5 - -14 - (-14 + 29)?
4
Evaluate (-11 + 25 - 9) + -5.
0
Evaluate (-1383 - -1431) + -15 + (-2 - -1).
32
Evaluate (-4 + -2 - (5 - 16)) + 4.
9
Calculate 2 - -10 - (-5 - -11) - (12 - 2).
-4
Calculate 5 + -19 + (38 - 36 - (1 - 1)).
-12
Calculate -4 - (15 - (12 + -3) - -2).
-12
-4 + 1 - (-31 + (19 - 3))
12
What is the value of -1 + 3 + (1 - (3 + -11)) + 1?
12
What is the value of 11 - (-120 - -129 - (11 - (6 + -3)))?
10
What is the value of 16 + -4 + (-8 - (-12 + 4))?
12
What is (-62 - -47) + 0 + -1 - -4?
-12
Calculate (12 - -16) + -19 - -12.
21
What is -5 - (0 - (2 - (-1 + -8) - 7))?
-1
What is the value of -244 + 213 - (-2 + -15 + 1)?
-15
Calculate -9 - ((12 - 1) + -3 + -8 - -13).
-22
Calculate 174 + -183 + 1 + 12 - (2 - -1).
1
(19 + -10 - 9) + -3 + -1
-4
What is 35 - 28 - (-1 - 2) - 7?
3
1 + -2 + -5 + 2 + (25 - 22)
-1
Evaluate (-3 + -11 - -15) + -2.
-1
What is the value of -16 + 2 - 0 - (-4 + 5 + 2)?
-17
Evaluate (-16 - (2 + -2)) + (-1 - -12) - -12.
7
What is (-8 - -9) + 0 + -10?
-9
What is the value of -44 + 27 - (7 - 51) - 15?
12
What is (1 + 24 - (-87 + 85)) + -7?
20
What is (10 - -1) + -16 + (-4 - -18)?
9
What is the value of 14 - ((7 - 3) + -8 + 6)?
12
What is (-19 - -9) + -1 + 1 + 3?
-7
Evaluate (-8 - -29 - 0) + -13.
8
Calculate 37 - (-6 - -13) - -2.
32
Calculate (26 - -1) + (-1022 - -1019).
24
Evaluate 10 + -3 + (-4 - -1) + (-64 - -72).
12
What is -19 + 0 + -1 - ((9 - 9) + 5)?
-25
What is the value of -7 - (-10 + (5 - (13 - 9)))?
2
Calculate -865 + 836 - (-1 - 9).
-19
What is 6 - (-3 + 6 + 23 + -27)?
7
Evaluate (-12 - 2) + 7 + -10 + -1 + 3.
-15
-23 + -1 - (240 - 260)
-4
What is 4 + (3 + -35 - -15) - 6?
-19
What is the value of -9 + -1 - (-32 - (44 + -70))?
-4
What is 0 - -1 - (-1 - -6 - -3)?
-7
25 + -1 + (-8 - (61 + -64))
19
(671 - 660) + (-1 + 1 - -12)
23
What is the value of -14 + 3 - (-18 + -6)?
13
What is 8 + -20 + 23 + -17 + -1 + 6?
-1
What is the value of 9 - (12 - 21 - -7)?
11
Calculate (-31 - -56) + -32 + -2 + 1 + 1.
-7
What is the value of 7 + (20 - 43 - -12)?
-4
Evaluate -23 - -25 - (9 - -1).
-8
-6 - -8 - (26 + -36)
12
Calculate -8 + 8 + 12 - (-9 - 0).
21
Calculate -4 + 4 - 3 - (-1 - -7).
-9
Calculate -20 - ((23 - 10) + -18).
-15
What is the value of (2 + -14 + 6 - (-8 + 1)) + -18?
-17
What is (12 - 0) + (21 + -26 - 14)?
-7
What is -21 + -1 + 22 - -3?
3
25 + 29 + -13 + -26
15
Calculate -37 + 25 - (2 - 7).
-7
Calculate -2 + (-4 - -7) - 6 - (-3 - -9).
-11
What is (-5 - (-29 - -11 - 7)) + 0?
20
What is 9 + -27 + (6 - 0) + 8?
-4
Evaluate (-2 - -14 - 1) + -5 + 7.
13
Evaluate -12 + 2 - (0 + 10 - 10).
-10
Calculate 20 + (-2 - -4 - 0 - (18 + -10)).
14
-10 + -8 + (45 - 14 - -16)
29
What is the value of 5 + (-1 - (-2 + 5 + 2)) - 5?
-6
What is the value of (-57 - (42 + -85)) + (10 - 0)?
-4
Calculate -1 + -29 + (-90 - -114) + (-29 - -3).
-32
Calculate -13 - (-16 - -9) - (10 + -6).
-10
What is (-173 - -147) + (1 + -1 - (-7 + 0))?
-19
-9 - (-19 - -14 - -6 - (0 + -1))
-11
Evaluate 1 - (-10 - (-7 - -16) - -50).
-30
Calculate 2 + (-8 - (9 + -3 + 2)).
-14
Calculate (-3 - -1) + (121 - 131).
-12
What is the value of 8 + (0 - (4 + (-6 - -5))) - -2?
7
Evaluate 6 - (11 - 6) - -5.
6
What is the value of 6 + (-37 - -11) + 2?
-18
Calculate 2 + (15 - (-12 + 25)).
4
What is 1 - ((4 - -4) + (6 - (-9 - -8)))?
-14
-4 + (-8 + 4 - (4 + -5 - -1))
-8
What is 1 + -28 + 10 + (-23 - -14 - -6)?
-20
What is the value of (-2 - 0) + -5 - (0 - 4 - 7)?
4
-13 - (-8 + -5) - (-4 + (4 - -24))
-24
What is the value of -1497 - -1530 - (-1 + -5)?
39
What is the value of (3 - (3 + 4 + -12)) + -6?
2
What is the value of 18 + 12 + -25 + -6?
-1
Evaluate (-14 + 19 - -1) + (2 - 0) - 9.
-1
Calculate (0 - -6) + -125 + 134.
15
Evaluate 16 - (-13 - -31) - 8.
-10
What is -2 + (-13 - -10) + (26 - (-4 - -5))?
20
What is the value of (4 - 12 - (-1 + -4 + 6)) + 1?
-8
What is the value of (7 - 7) + -114 + 139?
25
3 + (-7 - (-3 + 1)) + -3
-5
What is the value of -27 + 44 - (3 + 12 + -9)?
11
What is the value of -17 + -20 + 11 + 24?
-2
Calculate (-8 - (-7 - -8 - 12)) + 14.
17
54 + -49 + (-4 - -1) - (1 + 16)
-15
-2 - ((-2 - (-4 + -7)) + -1)
-10
Evaluate (-3 - -15 - (55 + -34)) + 3 + 16.
10
What is 7 - -1 - (-100 + 100)?
8
What is the value of (4 + (-26 - -13) - (1 - 3)) + 26?
19
(-5 - -13 - 4) + (42 - 59)
-13
Evaluate -7 - (0 + 2) - (0 + -3).
-6
What is (20 + -45 - -14) + (1 - 1)?
-11
Calculate 21 + 0 + -30 + 17.
8
Calculate -7 + 17 + (-1 - 17) + (6 - 7).
-9
What is 7 - (16 - 1 - 10) - (-1 - 0)?
3
1 + -12 + (9 - (-9 - -1)) + -9
-3
Calculate -39 - (-30 + 7 - -18).
-34
6 + (-12 - -1) + 11 + 9 + -10
5
Evaluate (-1 - 0) + -1 + 7 + -7.
-2
Evaluate 5 + (-12 + 3 + 4 - -5) + -6.
-1
What is the value of 1 + 13 + 19 + (-21 - 6) + 8?
14
What is -7 - (-17 + 21) - -25?
14
What is -9 - 0 - (-3 + 23 + (-4 - 9))?
-16
Evaluate (-2 - -4) + (39 - 51) - (0 + -46).
36
Evaluate -22 - (4 + (-36 - -11 - (-7 + -4))).
-12
Calculate 77 + -87 + (11 - -3).
4
Evaluate -1 - 13 - (81 - 92).
-3
Evaluate 143 + -168 + (23 - 0).
-2
What is 7 + (-19 - (-3 + 1)) + 26?
16
What is -18 - (219 - 228 - (1 + -7 + 1))?
-14
Calculate 5 + -3 + 2 + 1 + (-1 - 0).
4
Calculate (10 + -15 - 0) + -2 + 5 + -7.
-9
Evaluate 3 + -7 - (-8 + (16 - -3)).
-15
5 - (-33 - -28 - (6 - 1) - 9)
24
What is the value of 2 + -5 + 8 + 1 + -5 + 2?
3
Evaluate -2 + (7 - (-10 + 17)).
-2
(-5 - -6) + -8 + 5 - (-16 - -4)
10
What is the value of 11 + (0 + -1 - (303 + -270))?
-23
What is 12 + (-16 - -8 - 17)?
-13
What is the value of -35 - -18 - 5 - -31?
9
8 - (12 + 15 + -6 + -1)
-12
What is the value of (-5 - 9) + 18 + -12?
-8
21 - (-5 - -25 - 15)
16
What is 10 + (11 + -3 + -4 - 17)?
-3
2 - 19 - (207 - 204)
-20
What is the value of (-14 - (-4 - -6)) + (2 - -4)?
-10
Evaluate -8 - -1 - (0 + (-23 - -27)).
-11
-4 - (2 - 7) - -6 - 4
3
(2 - 1 - -1) + -21 + 0 + 23
4
Evaluate -2 + (-1 - -2) - ((2 - 17) + 11).
3
What is the value of 0 + 10 + -6 + (2 - (3 - -4))?
-1
Evaluate 16 - (19 + -18) - (3 + (-2 - -6)).
8
What is the value of (-1 - 5) + (-5 - (-5 + 5)) + 6?
-5
Calculate (-10 - -7 - -11) + -17 + -2.
-11
Calculate 6 + (-2 + -1 - (12 + -4)).
-5
What is the value of (7 - -21 - 21) + -4?
3
Evaluate 8 + (-8 + -10 - -8).
-2
What is -9 + (-2 + 5 + 0 - -9)?
3
Evaluate 13 + 0 - ((1 - -7) + 8 + -10).
7
Calculate -8 + -4 + 27 - 6.
9
Evaluate (-26 - -1) + (53 - 9).
19
Evaluate -330 - -312 - (-44 + 2).
24
What is 9 - (7 + 0 + -16 - -23)?
-5
What is the value of 32 - (14 - -12) - (-2 + 1 + -3)?
10
Calculate -21 - (-12 - (-25 - (19 - 36))).
-17
Evaluate 11 - (1 + -11 + 15).
6
Calculate (8 - 22) + 9 - -32.
27
5 + (-13 - 0) + -7
-15
What is (-245 - -217) + (29 - -3)?
4
What is the value of 0 - 0 - (4 + -13)?
9
Calculate 6 - 0 - (22 - 8) - -18.
10
What is (-4 - (2 - 15)) + (9 - -5 - 8)?
15
What is the value of -5 - 1 - (-34 - (2 - (9 + 1)))?
20
What is the value of 9 + -22 + -8 - -6?
-15
What is the value of (-13 - (-8 + -1) - 4) + 5?
-3
Calculate 34 + (89 - 99 - (-1 + 6)).
19
-13 - (-27 - -26) - -10
-2
What is the value of -17 + (2 + 2 - -19)?
6
What is (16 + -32 - -11) + 19?
14
13 + 15 + 7 + -24
11
-13 - (-21 - -12) - 1 - (-2 + -2)
-1
1 - (3 - 14 - -8) - -4
8
What is -14 - (-13 - -4) - 11?
-16
-4 - (23 + -17 + (3 + -5 - 8))
0
What is the value of 7 - (4 + -2 + (-4 - (-16 + -12)))?
-19
What is -2 - -8 - (3 - (2 + -1)) - -3?
7
What is -8 + 31 - (0 + 34)?
-11
What is the value of -60 + (6 - -5) + 16?
-33
What is 3 - (4 + 9 + (0 - -4))?
-14
Evaluate (-3 - 2 - -7) + (1 - (-24 + 9)).
18
Evaluate 115 + -56 + -33 - (13 + -1).
14
Calculate -3 + 35 - 21 - (6 + 2).
3
10 - (-19 - -3 - (-133 + 116))
9
Calculate (-74 - -66) + 38 + -20.
10
Evaluate -43 + 45 - (3 + 